d by c.
2
Let m(b) = -7 - 7*b + 2 - 1 + 3. Let j = 7 + -3. What is the remainder when m(-2) is divided by j?
3
Suppose -2*m - 9 = -w, m = -w - 2 - 4. Let k = m + 7. Suppose p - 5*g = 18, 0*p - k*g = -5*p + 21. What is the remainder when 4 is divided by p?
1
Suppose 0 = r - 3*y - 0 - 6, 4 = -2*y. Suppose r*p = -p + 2. Calculate the remainder when 2 is divided by p.
0
Let x = -6 - -13. Suppose -2 = -3*p + x. Calculate the remainder when 11 is divided by p.
2
Suppose n - 1 = 8. Calculate the remainder when 13 is divided by n.
4
Suppose 8 = 5*a - 17. Let n = 51 + -33. Calculate the remainder when n is divided by a.
3
Let w = -70 - -129. Calculate the remainder when w is divided by 12.
11
What is the remainder when (9 + 5 - 5)*7 is divided by 33?
30
Let l be ((-5)/(-2))/(3/6). Suppose -l*j = -h - 13 - 105, 2*h = 2*j - 52. What is the remainder when 68 is divided by j?
22
Let v be (2 + -3)/(6/(-18)). Suppose -s + 0*r + 73 = 3*r, -101 = -2*s + v*r. Calculate the remainder when s is divided by 15.
13
Let m = -6 + 14. What is the remainder when m is divided by 5?
3
Let r be (-4)/(-8) - 922/(-4). What is the remainder when 1/(-5) - r/(-5) is divided by 16?
14
Let g = 8 + 0. Suppose 7 = j - g. What is the remainder when j is divided by (-30)/9*12/(-5)?
7
Let z be 28/(-5) + (-24)/60. What is the remainder when (88/z)/((-9)/27) is divided by 15?
14
Suppose -2*v + 44 = 3*g - 0*g, -4*v + 4*g = -88. Calculate the remainder when 77 is divided by v.
11
Let u(d) be the third derivative of -d**4/24 - 5*d**3/6 + 3*d**2. Let v be u(-7). Suppose -3*c = -v*c - 11. Calculate the remainder when 32 is divided by c.
10
Let m(l) = 2*l**2 + 3. Let x be (-2 - (3 + -4))*4. What is the remainder when m(x) is divided by 12?
11
Suppose -p = 5*i - 79, -2*i - 77 = -7*i - 3*p. Suppose 3*v - 2 - 4 = 0. Calculate the remainder when i is divided by v/(-3) - (-87)/9.
7
Suppose -5*v = -8*v + 36. Calculate the remainder when 2/(4*-1)*-94 is divided by v.
11
Let f(a) = 2*a**2 - 1 - 4*a**2 - 49*a**3 + a**2 - 2*a. What is the remainder when f(-1) is divided by 17?
15
Calculate the remainder when 18 is divided by ((-70)/(-4))/7*4.
8
Suppose u = 5*u - 20. Suppose 6*y + 5*h - 135 = y, -u*h = y - 7. Calculate the remainder when (y/(-6))/(3/(-9)) is divided by 9.
7
Let u = 152 + -124. Calculate the remainder when u is divided by 16.
12
Let w(v) = 17*v**2 - 2*v + 1. Let b be -3 + 5 + (-3 - -2). What is the remainder when 31 is divided by w(b)?
15
Let l = 44 + -25. What is the remainder when l is divided by 11?
8
Suppose -5*c + 5*i + 31 + 54 = 0, -2*c = -5*i - 25. Suppose -6*j = -c - 22. Suppose 7*s = 4*s + 57. What is the remainder when s is divided by j?
5
Let x = 234 - 119. Calculate the remainder when x is divided by 29.
28
Suppose 39 = 5*h - 4*h. What is the remainder when 76 is divided by h?
37
Let y(l) = l**3 - 4*l**2 - l + 5. Let o(s) = -s**3 - 6*s**2 + s - 2. Let x be o(-6). Let f be (x/2)/(-1 + 0). What is the remainder when 1 is divided by y(f)?
0
Suppose -30 = y + 4*y. Let c be (0 + 0)*1 + y. Calculate the remainder when 35 is divided by ((-16)/c)/(12/54).
11
Let j = 1 + -4. Let t = 81 + -40. What is the remainder when t is divided by ((-2)/4)/(j/84)?
13
Let d(x) = 6*x + 17. What is the remainder when d(7) is divided by 12?
11
Suppose 0*l = -2*l. Suppose 2*y + 5*y - 42 = l. Suppose 5*b - 65 = -5*o, b + 4*o = 2*b - 3. What is the remainder when b is divided by y?
5
Suppose 0 = -5*p + 4*g + 94, -2*g + 4*g - 74 = -3*p. Calculate the remainder when p is divided by 12.
10
Let o be 3/(1 - -2) + 1. Let c be 10*o/(-6)*-3. Suppose p = -s + 4, s - p - p = c. What is the remainder when 16 is divided by s?
4
Suppose 3*y + u - 262 = 0, -4*u = 24 - 4. What is the remainder when y is divided by 32?
25
Let l(k) = -2*k - 3. Let c(q) = 7*q**2 - 4*q + 5. Let v(o) = 7*o**2 - 4*o + 5. Let r(a) = 5*c(a) - 4*v(a). What is the remainder when r(2) is divided by l(-6)?
7
Let g be (172/10)/(2/10). Suppose 0*l + g = -2*l. Calculate the remainder when -3 - (1 + -2) - l is divided by 14.
13
Let r = 80 + -3. Calculate the remainder when r is divided by 16.
13
Suppose 102 = -b + 7*b. Calculate the remainder when 50 is divided by b.
16
Suppose 2*w + 0*w - 22 = 0. Let b(i) = -i**3 + 42. Let s = 1 + -1. Calculate the remainder when b(s) is divided by w.
9
Let x = 15 + 2. Let q = 3 + -3. Suppose i - 5*r - 69 = -21, 2*i + 3*r - 57 = q. Calculate the remainder when i is divided by x.
16
Let j = 2 - 0. Suppose -j*h = -3*h + 8. Suppose -6*u = -2*u - 92. What is the remainder when u is divided by h?
7
Let d(b) = b**2 - 6*b + 9. What is the remainder when d(8) is divided by 13?
12
Suppose 0 = -4*a + 2*l + 32, 0*a = -4*a - 5*l + 46. Let w(o) = -o**2 + 11*o + 5. What is the remainder when w(a) is divided by 12?
11
Let z(u) = 0*u - 2 + 0 + 3*u + 3. Calculate the remainder when 18 is divided by z(3).
8
Suppose 2*f + 98 = k + 4*f, -2*k + 3*f = -217. What is the remainder when 2/10 + k/5 is divided by (0 + -1 - 0)*-11?
10
Let z(h) = -h**3 - 2*h**2 - 10*h - 22. Calculate the remainder when z(-4) is divided by 13.
11
Let q(v) = -v**3 + 7*v**2 + 3*v - 9. Calculate the remainder when q(6) is divided by 26 - (1 + -13)/(-4).
22
Suppose 8 - 36 = -14*a. Let f = -6 + 11. Calculate the remainder when f is divided by a.
1
Let t(y) = -y**3 + 6*y**2 + 4. Let h be t(6). Calculate the remainder when (24/20)/(h/50) is divided by 8.
7
Let x(u) = 2*u**2 - 6*u - 4. Let j be x(10). Let d = j + -51. Calculate the remainder when d is divided by 22.
19
Suppose -5*w = -3*w + 2. Let m be w - (-3 + 0/(-3)). Suppose -11 - 13 = -m*s. Calculate the remainder when 23 is divided by s.
11
Suppose 34 = 2*q - j, -2*q + q + j + 16 = 0. Let c(g) = 2*g**2 - 6*g - 7. Let u be c(5). Let x = q - u. Calculate the remainder when 13 is divided by x.
3
Let d be (-2)/7 - 122/14. Let m = d + 12. Let p = 11 - m. What is the remainder when 29 is divided by p?
5
Suppose -5*s - 34 = -109. Calculate the remainder when 69 is divided by s.
9
Let d(w) = w**3 - 3*w**2 + w + 2. Let o be d(2). Suppose 2*x - 105 - 47 = o. Suppose 2*n + 78 = 5*n. What is the remainder when x is divided by n?
24
Suppose -4*r + 2 = -2. Calculate the remainder when -2 + (15 - 0) + r is divided by 8.
6
Let l = 183 - 107. Calculate the remainder when l is divided by 40.
36
Suppose -c + 3*x + 1 = -8, -5*c + 65 = 5*x. Let o = 8 - 2. Suppose b + 175 = 5*u, 0 = -2*u + 3*b - o*b + 53. What is the remainder when u is divided by c?
10
Suppose 5*i + 3*h - 382 = 5*h, 3*i + 3*h - 246 = 0. Let c = i + -44. What is the remainder when c is divided by 18?
16
Suppose 6*p - 86 = -2. What is the remainder when 34 is divided by p?
6
Suppose -319 = -5*r - 109. What is the remainder when r is divided by 15?
12
Suppose 0 = 5*u - 7 - 28. Let c(g) = -g + 17. What is the remainder when 28 is divided by c(u)?
8
Suppose 2*h = j + 33, 4*h + 5*j - j - 84 = 0. Calculate the remainder when h is divided by 5.
3
Suppose -91 = 2*f - 9*f. What is the remainder when 103 is divided by f?
12
Let z(j) = j**3 + 6*j**2 + 5*j - 4. Let l be z(-5). Calculate the remainder when (-24)/l*(2 + 5) is divided by 11.
9
Suppose 0 = -4*m + 308 + 72. Calculate the remainder when m is divided by 24.
23
Let a(o) = -3*o**3 + 2*o**2 - 8*o - 4. Calculate the remainder when a(-3) is divided by 41.
37
Suppose -3*b + 36 = 3*z, 2*b = 2*z - z - 6. Suppose 0 = -7*w + 4*w + 171. Calculate the remainder when w is divided by z.
7
Let l be (-6)/(-15)*45/(-3). Let k = 21 + l. What is the remainder when k is divided by 4?
3
Suppose -5*a + 77 = -3. Suppose 11*j - a*j + 180 = 0. What is the remainder when j is divided by 19?
17
Let r = 0 + 5. Suppose 0 = r*u + 13 - 33. What is the remainder when 65 is divided by -1*-17*(-3 + u)?
14
Let k = 6 + -18. Let w = k - -26. What is the remainder when 25 is divided by w?
11
Let s(x) = 5*x**2 - x + 2. Calculate the remainder when 77 is divided by s(2).
17
What is the remainder when 24 is divided by (13/2)/((-7)/(-14))?
11
Let o be (8 - 2)/(-3) - -8. Suppose 0 = -5*f + 10, -3*f + 4 + o = -p. Let h = p - -5. Calculate the remainder when h is divided by 1.
0
Let a = -110 - -168. Calculate the remainder when 112 is divided by a.
54
Calculate the remainder when (-52)/(-1)*4/2 is divided by 27.
23
Calculate the remainder when 48 is divided by 